
Suppose 0 = -4*a + 20, 8*j - 10*j - 4*a = -34. Suppose 3*r = -4*s + 847, j*r - 3*r + 3*s = 1127. What is the hundreds digit of r?
2
Let o(r) = 612*r**3 + 2*r**2 - 3*r + 1. Suppose 3*m + 2*u - 3*u - 8 = 0, 4*u = -20. What is the units digit of o(m)?
2
Let n(g) = 2*g**3 - 10*g**2 + 3*g - 10. Let s be n(5). Let h be -1 + s + -3 + (-173 - -2). Let l = 276 + h. What is the units digit of l?
6
Let j(g) = 313*g + 67399. What is the units digit of j(0)?
9
Let n(v) be the second derivative of -1/12*v**4 - 14*v - 7/3*v**3 + 21/2*v**2 + 0. What is the units digit of n(-9)?
6
Let g be ((-1)/3)/(10/(-150)). Suppose -5*d + 335 = g*i, 2*i - 4*d + 56 - 166 = 0. What is the units digit of i?
3
Suppose -39*m + 14601 = -8*m. Suppose 10 = -5*u, 15*b - 14*b + u - m = 0. What is the hundreds digit of b?
4
What is the hundreds digit of 9/(162/(-12)) + (-475865)/(-39)?
2
Let t(j) = 64*j**3 + j**2 - j. Let f be (-3)/9 + 16/12. Let l be t(f). Suppose 59*z = l*z - 305. What is the units digit of z?
1
Let r be (0 + 6 + 38)/(1/1). What is the units digit of (-8)/r - (-5)/55*299?
7
Suppose 2*o = -4*g - 2, -2*o + 6 = -4*g - 0*g. Let t be (-14)/(1/(3/g)). Let w = -40 + t. What is the units digit of w?
2
Let j(s) = 8*s**3 - 37*s**2 + 14*s + 35. Let r be j(15). Suppose -26*u + 6*u = -r. What is the hundreds digit of u?
9
Let x(u) = 101*u**2 + 3*u - 8. Let r(z) = -50*z**2 - z + 4. Let q(o) = 7*r(o) + 4*x(o). Let j be q(1). What is the units digit of (-2)/(-5) + 6358/j?
6
Suppose -4*r - n + 36 = 0, 3*r = -4*n + 14 + 26. Suppose 0 = 7*s - r*s. Suppose g + 13 - 91 = s. What is the tens digit of g?
7
Let f = 164 + -161. Suppose -2*j - 2556 = -f*a, -5*a + j - 3419 = -9*a. What is the hundreds digit of a?
8
Let d(m) = 3552*m + 38. What is the units digit of d(4)?
6
Let n(r) = -r + 6. Let j be n(11). Let g be (j - -3 - -1)*(-34)/2. Suppose 42 = g*w - 11*w. What is the units digit of w?
7
Suppose -m - 5*u - 2 = -4, 2*u = 2*m - 16. Let r(v) be the first derivative of -v**4/4 + 8*v**3/3 + 7*v**2/2 + 6*v - 54. What is the hundreds digit of r(m)?
1
Suppose 5*w + 35 = 0, 3*w = -25*h + 22*h + 54717. What is the hundreds digit of h?
2
Suppose -12351 = -5*x + h + 23172, 4*x = 4*h + 28428. What is the tens digit of x?
0
Let w be (24/(-4) - -38) + 6. What is the units digit of w + -43 - (1 + -1 + -907)?
2
Let q(f) = f**2 + 29*f - 38. Let b be q(-22). Let n = 1 - -10. Let w = n - b. What is the units digit of w?
3
Suppose 29*q - 4536 - 42125 = 0. What is the tens digit of q?
0
Suppose -36*g - 40*g + 2553197 = 117*g. What is the tens digit of g?
2
Let z be (0 - (2 - 4))*3. Suppose 25*j + z = 28*j. Suppose 4*k - 962 = j*t, -2*t = -4*k - 3*t + 977. What is the tens digit of k?
4
Suppose 21*o - 9504 = 2613. Suppose -o = -s + 452. What is the tens digit of s?
2
Let i(n) = 3*n**2 - 13*n + 22. Let f(w) = 3*w**2 + 7*w + 3. Let s(g) = -g + 17. Let u be s(20). Let t be f(u). What is the tens digit of i(t)?
4
Let h be (-2)/(-3) + 40/12. Suppose h*x - 3*f - 144 = f, 5*f = -x + 6. What is the units digit of x?
1
What is the units digit of (4 - ((-6865)/(-15) + 1))*-21?
8
Let o = -1535 - -6806. What is the units digit of o?
1
Let j be (-12)/(-30) - 1/(5/(-723)). Suppose 224 = l - j. What is the hundreds digit of l?
3
Suppose 5*q - 36 = -7*q. Suppose q*u - 16 + 1 = 0. Suppose -79 = -4*l - 2*a + u, -4*l = 3*a - 88. What is the tens digit of l?
1
Let l(u) = 2*u**3 - 30*u**2 - 33*u + 54. Let g(c) = -c**3 + 29*c**2 + 33*c - 54. Let r(o) = 3*g(o) + 2*l(o). What is the tens digit of r(-25)?
7
Suppose 0 = -9*r + 12*r + 4*c - 21732, 5*c - 21738 = -3*r. What is the tens digit of r?
3
Let f = 130 + -128. Suppose -f*d - o - 1765 = -6*d, 4*o - 437 = -d. What is the units digit of d?
1
Suppose 5*o = -x + 2261, 0 = -x - 370*o + 368*o + 2264. What is the units digit of x?
6
Let j be 5 - (-8 - -7) - 24/4. Suppose j*g - 1499 = -b + g, -2*g = 2*b - 3014. What is the hundreds digit of b?
5
Suppose 75*z - 3420 = 79*z. Let k = -1337 - z. Let b = -338 - k. What is the units digit of b?
4
Let q be (-1 - -1)/(1 - 0). Suppose -8*g + 60 - 4 = q. Suppose 2*v + 200 = g*v. What is the tens digit of v?
4
Let k = -40 + 45. Suppose 28 = 2*l + k*l. Suppose -3*x - 2*x + 648 = h, -399 = -3*x - l*h. What is the tens digit of x?
2
Let f = 23538 - 13154. What is the tens digit of f?
8
Suppose 25*v = -5*i + 22*v + 16112, 22576 = 7*i + v. What is the units digit of i?
6
Let x = 27743 - 12583. What is the ten thousands digit of x?
1
Let t(x) = 4*x - 6. Let z be t(4). Let o(g) = 2*g**3 + g. Let n(h) = -11*h**3 + 9*h**2 + 8*h + 1. Let v(i) = n(i) + 5*o(i). What is the tens digit of v(z)?
3
What is the ten thousands digit of 6/(-4)*(-17248 + -254)?
2
Let q = 118 - 81. Let s = 3458 + -3353. Let t = q + s. What is the hundreds digit of t?
1
Let m(s) = 5*s + 331. Suppose 95 = -0*z - 2*z + 5*y, -2*z - 3*y - 87 = 0. What is the units digit of m(z)?
6
Let j = -36 + 45. Let z = j + 12. Let w = 67 - z. What is the tens digit of w?
4
Suppose 40 = s - 0*s. Let o be (-10)/(120/(-957)) - (-18)/(-24). Let i = s + o. What is the units digit of i?
9
What is the units digit of 1*(-9 + 1784) - 7?
8
Let y = -1795 - -2244. What is the hundreds digit of y?
4
Let l(j) = -2*j + 9 + 5*j - 9*j**2 + j**2 - 4*j. Let w be l(4). Let v = 217 + w. What is the units digit of v?
4
Let h(d) = 564*d**2 - 22*d - 88. What is the tens digit of h(-3)?
5
Suppose 0*c + 5 = -5*c, -5*c - 193 = 4*y. Let b = y + 45. What is the tens digit of -1 + b + 2/1 + 58?
5
Suppose -4*w + 5*o = 4 + 2, 4*w - 4*o + 8 = 0. Let l be (0 + 3)*(w + (-10)/(-3)). What is the tens digit of (-132)/(0 - 3) - l?
4
Let t be (-316)/(-237)*(82/8 + -2). Suppose -60 + 2458 = t*l. What is the tens digit of l?
1
Let z(s) = 173*s + 826. What is the thousands digit of z(21)?
4
Let u(a) = -5*a**2 - 77*a + 1. Let s be u(-13). Suppose 10*r - 6153 = s. What is the hundreds digit of r?
6
Suppose m - 1168 + 176 = 4*h, -3*m - 4*h = -2896. Suppose -3*q + q - 2*n + m = 0, 5*n = -4*q + 1945. What is the units digit of q?
5
Let a(f) = f**2 + 8*f + 5. Let h be a(-8). Suppose 7*p = h*p. Let q(l) = -l**2 + 102. What is the units digit of q(p)?
2
Let m = 3672 + 9297. What is the thousands digit of m?
2
Let p = 2192 + -1928. What is the hundreds digit of p?
2
What is the hundreds digit of ((-1)/1 - -5)*(58470/8 - 32)?
1
Suppose -14*h + 42245 = 3*h. Suppose -9*b = -4*b - h. Suppose 0 = 4*y - 5*g - 406, 3*y + 2*y - b = g. What is the tens digit of y?
9
Let o = 178 - 176. Suppose 8*r + o*r = 4070. What is the units digit of r?
7
Let k be 1 + ((-9)/(-6)*2)/3. Let o(w) = -2*w + 89*w**2 + 5*w**k - 2*w**2. What is the units digit of o(-1)?
4
Suppose 0 = -2*f + 2*j - 3916, 3*f - j = f - 3914. Let z = -1227 - f. What is the hundreds digit of z?
7
Suppose 12 - 21 = -3*i. Let x(a) = a**3 - 6*a - 4. Let q be x(i). Suppose q*g = 3*f - 194, f - 3*g - 78 = 2*g. What is the tens digit of f?
5
Suppose -3*z + 12*z = 18. Suppose 2*v - 326 = z*b, 0*b = 3*v + 4*b - 496. Suppose 4*s - v = -3*m, 5*m - s = 3*m + 91. What is the units digit of m?
8
Let q(a) be the second derivative of a**4/12 + 3*a**3/2 - 3*a**2 - 20*a. Let s be q(-9). What is the units digit of (-2)/s - (-188)/3 - 2?
1
Suppose 2*q = -3*d - 7, 2*d + 4 = -q - 2. Suppose q*f + 7 - 7 = 0. Suppose f = y - 55 - 34. What is the tens digit of y?
8
Let d = -52 - 2. Let b = 108 - 148. What is the units digit of -1*d/(-12)*b/2?
0
Suppose s = 5, s - 14134 + 2079 = -5*p. What is the tens digit of p?
1
Suppose 5*z + 82 = -0*s - 2*s, -5*s = -4*z + 205. Let k = 35 + s. What is the tens digit of k*(-2)/48 - (-958)/8?
2
Suppose 3*d = -2*q + 5*q - 19677, 65518 = 10*q + 2*d. What is the tens digit of q?
5
What is the tens digit of (-30)/140 - (-7661)/14?
4
Let p be ((-1)/2)/(2 - (-473)/(-242)). What is the units digit of 7*4*(p + (-590)/(-8))?
7
Let o(v) = 49 - v - 16*v + 5*v**3 - 9*v**2 - 2*v**3 + 0*v. What is the tens digit of o(7)?
1
Let l(o) be the second derivative of -13*o**5/20 + o**4/6 + o**3/2 + o**2/2 - 82*o. Let r be (-5)/2 + 1/2. What is the units digit of l(r)?
7
Suppose -12*i = -36*i + 127752. What is the hundreds digit of i?
3
Suppose -385*j + 27493 = -81462. Suppose 0 = -3*f + f - 134. Let a = j + f. What is the units digit of a?
6
Suppose m = -5*w + 6328, 20*w - 21*w = m - 1268. What is the units dig